5
Let q be 19818/34 - (-76)/646. What is the greatest common factor of 319 and q?
11
Suppose -22*d + 21*d = -30. Suppose 23*s - 20*s = 9. Suppose 0 = -2*r + 8, -2*z = -s*z + r + 6. Calculate the greatest common factor of z and d.
10
Let n be 124/10 - (2 + (-56)/35). Let g = -40 - -22. Let d = 46 + g. Calculate the highest common factor of d and n.
4
Suppose 9 - 29 = -5*m. Suppose -w - 11 = -m*z - 40, 0 = 2*w + 2*z - 8. What is the highest common divisor of 1 and w?
1
Let k be ((-8)/10)/((-8)/(-50)*-1). What is the highest common factor of 8545 and k?
5
Let r be (-9)/((-270)/6604) - 12/90. Suppose 5*t = 437 - 82. Let a = -51 + t. Calculate the greatest common factor of a and r.
20
Let z be (-2)/6 - ((-812)/(-12) + -6). Suppose 2*q - 4*i + 128 = 0, -310 = 5*q - 4*i - i. Let k = q - z. Calculate the highest common factor of 2 and k.
2
Suppose -294287 - 356068 - 36331 = -343*w. What is the highest common divisor of w and 924?
154
Let v(r) = r**2 - 3*r - 10. Let u be v(8). Let d be (-91)/(-5) - ((-204)/u - -7). What is the greatest common divisor of 117 and d?
9
Let r = -5733 + 7326. Calculate the greatest common factor of r and 81.
27
Let a(l) = l**2 - 96*l + 1137. Let x be a(11). What is the highest common factor of x and 1111?
101
Suppose 18402 = 18*x - 71454. What is the greatest common factor of x and 4?
4
Let k be 0/((-3)/(-1) + -1). Let m(s) = s**3 + 3*s**2 - 4*s + 136. Let l be m(k). What is the highest common divisor of 24 and l?
8
Let l be ((-48)/18)/(4/(-54)). Suppose -a = 6*a - 35. Suppose 2*p + p - a*b - 42 = 0, 9 = -3*b. Calculate the greatest common factor of l and p.
9
Let x = -6650 - -6691. Calculate the highest common factor of x and 1927.
41
Suppose 5*a - 7*z + 57 + 132 = 0, 4*a = 4*z - 148. Let w(c) = -c + 4. Let k be w(3). Let m = k - a. Calculate the greatest common divisor of 4 and m.
4
Let b = 5935 - 5179. What is the greatest common factor of 1296 and b?
108
Let x(s) = 2*s**2 - 6*s + 12. Let g be x(6). Let h be 0 - 2/(-3 - -1). Let t be h/3 + 68/12. What is the highest common divisor of t and g?
6
Suppose 132 + 324 = 4*t. Suppose 2*r + t = 4*j, 23 = -r - 2*j - 26. Let m = r - -55. Calculate the greatest common factor of m and 4.
2
Let w(o) = o + 81. Let s(k) = -2*k - 162. Let j(c) = 2*s(c) + 5*w(c). Let f be j(10). What is the greatest common divisor of 65 and f?
13
Suppose -2075 = 28*i - 33*i. Suppose 0 = -2*g - 3*z + 166, -2*z - i = -5*g - 0*g. Suppose -g + 595 = 16*q. What is the greatest common divisor of q and 64?
32
Let w be (440/(-275))/((-4)/2680). What is the greatest common divisor of 24 and w?
8
Let u(t) be the first derivative of t**4/4 - 3*t**3 + 6*t**2 - 11*t + 60. Let j be u(8). What is the highest common factor of j and 56?
7
Suppose -7*c + c = 96. Let f be (-81)/(-6)*1*c. Let x = -101 - f. What is the greatest common divisor of 23 and x?
23
Suppose 2*t = 4*g - 640, 3*g + 5*t + 206 = 686. What is the greatest common factor of 45 and g?
5
Suppose -5*o = -2*o - 126. Suppose -18*g + 8*g - 5*g = 0. Suppose -25 = -2*v + 3*i, 2*v + g = i + 27. Calculate the greatest common divisor of v and o.
14
Suppose -4*l = -4, -5*f - 5*l = -13145 - 3485. What is the highest common factor of 1197 and f?
133
Suppose -27*x + 916 = -308 - 288. What is the greatest common divisor of x and 1106?
14
Let v be 127 - (-6)/(-3)*-1. Let c(m) = 57*m**2 + 959*m + 2. Let o be c(-17). What is the greatest common divisor of o and v?
43
Let h(l) = -38*l + 1640. Let f be h(40). Calculate the greatest common factor of f and 165.
15
Suppose -530 = -252*t - 225 + 451. Let u = -7 + 10. Suppose -5*a + 1542 = -u*v + 506, 0 = v - t. Calculate the highest common factor of 11 and a.
11
Let g(x) = 8*x**2 - 8*x - 32. Let d(c) = -7*c**2 + 7*c + 30. Let y(l) = -6*d(l) - 5*g(l). Let r be y(-6). What is the greatest common divisor of 1 and r?
1
Let b(u) = 6647*u**2 - u - 6646*u**2 + 2 - u**3 - 8*u**3. Let h be b(-2). What is the greatest common factor of 1040 and h?
80
Let y be 11/(1287/962) - (-2)/(-9). Let i(w) = -53*w**3 - 9*w**2 + 54*w**3 + 10 - 2*w - 5*w. Let p be i(10). Calculate the highest common divisor of y and p.
8
Let a(x) = -21*x + 174. Let w be a(2). Calculate the greatest common factor of 1155 and w.
33
Let z(r) = 156*r - 828. Let k be z(7). What is the highest common factor of 120 and k?
24
Let v = 8427 - 7440. What is the greatest common factor of 105 and v?
21
Let u be (-40)/(-12)*(186/30 + -5). Suppose 77 = u*g + i, g - 7 = -4*i + 1. Calculate the highest common divisor of g and 15.
5
Suppose -39*h + 43*h = 0. Suppose h = 4*t + m - 1372, -2*t + m = 4*m - 696. What is the highest common factor of 38 and t?
38
Suppose -73*d - 48 = -79*d. Suppose 6*w = d*w - 90. What is the greatest common divisor of 3 and w?
3
Suppose -3*m + 11690 = -5*d - m, -5*d - 5*m - 11655 = 0. Let j be (-1)/((-4)/d*-4) + 2. What is the greatest common factor of j and 814?
74
Suppose 4*k - 1563 = -3*p, -58*k - 5*p + 1549 = -54*k. What is the highest common factor of k and 252?
36
Suppose 238*x + 8795 - 72320 = 73*x. Let u = 77 - 42. Calculate the highest common divisor of x and u.
35
Let w be 4/(-10) - (-561)/(-85). Let r = w + 77. Suppose -6*a + a + 3*y = -137, 4*a - 3*y - 109 = 0. What is the highest common divisor of r and a?
14
Let q = -28 - -86. Let u = 999 - 987. Suppose -15*v = u*v - 2349. Calculate the highest common divisor of v and q.
29
Let n(k) = -k**2 + 6*k - 15. Let v be n(10). Let a = v + 92. Let y(m) = m + 52. Let l be y(22). What is the greatest common divisor of l and a?
37
Let r be 9738233/2540 + 1/20. Calculate the highest common divisor of 36 and r.
18
Let u be 6*(5 + (-17)/3). Let h be 6 + u/(-22) + 140/(-44). Suppose -58 = -v - q, -2*q - 55 = h*v - 234. What is the greatest common divisor of v and 21?
21
Let h = -164 + 164. Let z(r) = -r**2 - 6*r + 336. Let u be z(h). What is the highest common factor of 48 and u?
48
Suppose 0 = -8*t + 364 + 212. Let o be 1 + 97 + (-6 - -7). What is the greatest common divisor of o and t?
9
Let m(b) = -b**3 + 7*b**2 + 22*b + 14. Let z be (-5 + (0 - 185/(-35)))*21. Let t be m(z). Let g = -23 + 49. Calculate the highest common factor of g and t.
26
Let p(y) = -y**3 + 149*y**2 - 284*y + 20138. Let u be p(148). Let i(h) = 33*h**3 - h**2 - 3*h + 1. Let w be i(2). What is the greatest common factor of w and u?
5
Let c = -14308 + 14355. Calculate the greatest common factor of c and 987.
47
Let t(y) = -y**3 + 41*y**2 - 9*y + 489. Let k be t(41). What is the greatest common factor of k and 80?
40
Suppose -38*r + 32*r + 2136 = 0. Suppose -4*q + 0*q + 121 = y, 3*y = -5*q + r. What is the greatest common factor of y and 39?
39
Let m be ((-70)/12)/((-16)/96). Let i = -145 - -160. Calculate the greatest common factor of m and i.
5
Suppose -1500 = -30*r + 930. Let y be (r - (7 - 15)) + 3/3. Calculate the highest common divisor of 54 and y.
18
Let o(t) = -2*t - 2*t**2 + 1 + 7*t**2 - 3. Let i(v) = 32*v - 193. Let k be i(6). Let u be o(k). Calculate the greatest common divisor of 2 and u.
1
Let u(b) = b**2 - b + 468 - 484 - 9*b. Let w be u(12). What is the highest common factor of w and 72?
8
Let c = 175 - 167. What is the greatest common factor of 76 and c?
4
Suppose -3*q + 57 = -15. What is the greatest common factor of 2360 and q?
8
Suppose -9*u + 44 + 91 = 0. Suppose u = 2*b + 1. Calculate the highest common factor of 224 and b.
7
Let v be (0*(1 + -2))/(41 + -43). Let s be (6 - (v + 8)) + (-56 - 0). Let c = 59 + s. Calculate the highest common factor of c and 2.
1
Let h = 1439 + -1370. Calculate the highest common divisor of h and 69.
69
Suppose 34 - 10 = -8*y. Let k be (-25)/((-25)/564) - 1*y. What is the greatest common factor of k and 27?
27
Let n = 53 - 23. Let l(x) = -x**2 - 6*x - 7. Let q be l(-3). Suppose 5*k - q*d - 14 = 24, 4*k - 2*d - 32 = 0. Calculate the greatest common factor of k and n.
6
Suppose 541 = 5*n - 3*c, -5*n = -43*c + 48*c - 565. What is the greatest common divisor of n and 90?
10
Suppose -120 = -7*v + 363. Let g(p) = -p**2 - 3*p + 1. Let a be g(-2). Calculate the highest common divisor of a and v.
3
Suppose -262 = -3*g - 7*n + 3*n, 4*n = -2*g + 180. Suppose -g*j = -83*j + 123. What is the highest common divisor of 164 and j?
41
Let n be (5 + 0)*128/10. Let d = -122 - -123. Let a = 15 + d. Calculate t